{"id":11315,"date":"2023-09-20T12:58:52","date_gmt":"2023-09-20T10:58:52","guid":{"rendered":"https:\/\/www.wiaralecha.pl\/?page_id=11315"},"modified":"2023-09-20T12:58:54","modified_gmt":"2023-09-20T10:58:54","slug":"statystyki-sekcji-futsalu-sezon-2023-2024","status":"publish","type":"page","link":"https:\/\/www.wiaralecha.pl\/index.php\/statystyki-sekcji-futsalu-sezon-2023-2024\/","title":{"rendered":"Statystyki Sekcji Futsalu \u2013 Sezon 2023\/2024"},"content":{"rendered":"<div class=\"sportspress\"><div class=\"card card--has-table\"><header class=\"card__header\"><h4 class=\"sp-table-caption\">Strzelcy<\/h4><\/header><div class=\"card__content sp-template sp-template-player-list\"><div class=\"table-responsive sp-table-wrapper\"><table class=\"table table--lg team-roster-table sp-player-list sp-data-table sp-sortable-table sp-responsive-table playerlist_69f3a03d775ea sp-scrollable-table sp-paginated-table\" data-sp-rows=\"40\"><thead><tr><th class=\"data-rank\">Rank<\/th><th class=\"data-name\">Zawodnik<\/th><th class=\"data-goals\"><i class=\"sp-icon-soccerball\" title=\"Bramka\" style=\"color:#222222 !important\"><\/i> <\/th><\/tr><\/thead><tbody><tr class=\"odd\"><td class=\"data-rank\" data-label=\"#\">1<\/td><td class=\"data-name has-photo\" data-label=\"Zawodnik\"><a href=\"https:\/\/www.wiaralecha.pl\/index.php\/player\/dominik-solecki\/\"><span class=\"player-photo\"><img loading=\"lazy\" decoding=\"async\" width=\"40\" height=\"40\" src=\"https:\/\/www.wiaralecha.pl\/wp-content\/uploads\/2025\/10\/Dominik_Solecki-40x40.png\" class=\"attachment-alchemists_player-xxs size-alchemists_player-xxs wp-post-image\" alt=\"\" \/><\/span><span class=\"player-name\">Dominik Solecki<\/span><\/a><\/td><td class=\"data-goals\" data-label=\"Bramka\">1<\/td><\/tr><\/tbody><\/table><\/div><\/div><\/div><\/div>\n\n\n<div class=\"sportspress\"><div class=\"card card--has-table\"><header class=\"card__header\"><h4 class=\"sp-table-caption\">Asysty<\/h4><\/header><\/div><\/div>\n\n\n<div class=\"sportspress\"><div class=\"card card--has-table\"><header class=\"card__header\"><h4 class=\"sp-table-caption\">Kartki<\/h4><\/header><div class=\"card__content sp-template sp-template-player-list\"><div class=\"table-responsive sp-table-wrapper\"><table class=\"table table--lg team-roster-table sp-player-list sp-data-table sp-sortable-table sp-responsive-table playerlist_69f3a03d7e5b1 sp-scrollable-table sp-paginated-table\" data-sp-rows=\"40\"><thead><tr><th class=\"data-rank\">Rank<\/th><th class=\"data-name\">Zawodnik<\/th><th class=\"data-yellowcards\"><i class=\"sp-icon-card\" title=\"\u017b\u00f3\u0142ta kartka\" style=\"color:#f4d014 !important\"><\/i> <\/th><th class=\"data-redcards\"><i class=\"sp-icon-card\" title=\"Czerwona kartka\" style=\"color:#d4000f !important\"><\/i> <\/th><\/tr><\/thead><tbody><tr class=\"odd\"><td class=\"data-rank\" data-label=\"#\">1<\/td><td class=\"data-name has-photo\" data-label=\"Zawodnik\"><a href=\"https:\/\/www.wiaralecha.pl\/index.php\/player\/dominik-solecki\/\"><span class=\"player-photo\"><img loading=\"lazy\" decoding=\"async\" width=\"40\" height=\"40\" src=\"https:\/\/www.wiaralecha.pl\/wp-content\/uploads\/2025\/10\/Dominik_Solecki-40x40.png\" class=\"attachment-alchemists_player-xxs size-alchemists_player-xxs wp-post-image\" alt=\"\" \/><\/span><span class=\"player-name\">Dominik Solecki<\/span><\/a><\/td><td class=\"data-yellowcards\" data-label=\"\u017b\u00f3\u0142ta kartka\">0<\/td><td class=\"data-redcards\" data-label=\"Czerwona kartka\">0<\/td><\/tr><\/tbody><\/table><\/div><\/div><\/div><\/div>\n\n\n<div class=\"sportspress\"><div class=\"card card--has-table\"><header class=\"card__header\"><h4 class=\"sp-table-caption\">Mecze<\/h4><\/header><div class=\"card__content sp-template sp-template-player-list\"><div class=\"table-responsive sp-table-wrapper\"><table class=\"table table--lg team-roster-table sp-player-list sp-data-table sp-sortable-table sp-responsive-table playerlist_69f3a03d81c37 sp-scrollable-table sp-paginated-table\" data-sp-rows=\"40\"><thead><tr><th class=\"data-rank\">Rank<\/th><th class=\"data-name\">Zawodnik<\/th><th class=\"data-appearances\">Mecze<\/th><\/tr><\/thead><tbody><tr class=\"odd\"><td class=\"data-rank\" data-label=\"#\">1<\/td><td class=\"data-name has-photo\" data-label=\"Zawodnik\"><a href=\"https:\/\/www.wiaralecha.pl\/index.php\/player\/dominik-solecki\/\"><span class=\"player-photo\"><img loading=\"lazy\" decoding=\"async\" width=\"40\" height=\"40\" src=\"https:\/\/www.wiaralecha.pl\/wp-content\/uploads\/2025\/10\/Dominik_Solecki-40x40.png\" class=\"attachment-alchemists_player-xxs size-alchemists_player-xxs wp-post-image\" alt=\"\" \/><\/span><span class=\"player-name\">Dominik Solecki<\/span><\/a><\/td><td class=\"data-appearances\" data-label=\"Mecze\">1<\/td><\/tr><\/tbody><\/table><\/div><\/div><\/div><\/div>\n","protected":false},"excerpt":{"rendered":"StrzelcyRankZawodnik 1Dominik Solecki1 Asysty KartkiRankZawodnik 1Dominik Solecki00 MeczeRankZawodnikMecze1Dominik Solecki1","protected":false},"author":2,"featured_media":0,"parent":0,"menu_order":0,"comment_status":"closed","ping_status":"closed","template":"","meta":{"_acf_changed":false,"footnotes":""},"class_list":["post-11315","page","type-page","status-publish","hentry"],"acf":[],"jetpack_sharing_enabled":true,"_links":{"self":[{"href":"https:\/\/www.wiaralecha.pl\/index.php\/wp-json\/wp\/v2\/pages\/11315","targetHints":{"allow":["GET"]}}],"collection":[{"href":"https:\/\/www.wiaralecha.pl\/index.php\/wp-json\/wp\/v2\/pages"}],"about":[{"href":"https:\/\/www.wiaralecha.pl\/index.php\/wp-json\/wp\/v2\/types\/page"}],"author":[{"embeddable":true,"href":"https:\/\/www.wiaralecha.pl\/index.php\/wp-json\/wp\/v2\/users\/2"}],"replies":[{"embeddable":true,"href":"https:\/\/www.wiaralecha.pl\/index.php\/wp-json\/wp\/v2\/comments?post=11315"}],"version-history":[{"count":1,"href":"https:\/\/www.wiaralecha.pl\/index.php\/wp-json\/wp\/v2\/pages\/11315\/revisions"}],"predecessor-version":[{"id":11316,"href":"https:\/\/www.wiaralecha.pl\/index.php\/wp-json\/wp\/v2\/pages\/11315\/revisions\/11316"}],"wp:attachment":[{"href":"https:\/\/www.wiaralecha.pl\/index.php\/wp-json\/wp\/v2\/media?parent=11315"}],"curies":[{"name":"wp","href":"https:\/\/api.w.org\/{rel}","templated":true}]}}

<div class="sportspress"><div class="card card--has-table"><header class="card__header"><h4 class="sp-table-caption">Strzelcy</h4></header><div class="card__content sp-template sp-template-player-list"><div class="table-responsive sp-table-wrapper"><table class="table table--lg team-roster-table sp-player-list sp-data-table sp-sortable-table sp-responsive-table playerlist_69f3a03d775ea sp-scrollable-table sp-paginated-table" data-sp-rows="40"><thead><tr><th class="data-rank">Rank</th><th class="data-name">Zawodnik</th><th class="data-goals"><i class="sp-icon-soccerball" title="Bramka" style="color:#222222 !important"></i> </th></tr></thead><tbody><tr class="odd"><td class="data-rank" data-label="#">1</td><td class="data-name has-photo" data-label="Zawodnik"><a href="https://www.wiaralecha.pl/index.php/player/dominik-solecki/"><span class="player-photo"><img loading="lazy" decoding="async" width="40" height="40" src="https://www.wiaralecha.pl/wp-content/uploads/2025/10/Dominik_Solecki-40x40.png" class="attachment-alchemists_player-xxs size-alchemists_player-xxs wp-post-image" alt="" /></span><span class="player-name">Dominik Solecki</span></a></td><td class="data-goals" data-label="Bramka">1</td></tr></tbody></table></div></div></div></div>


<div class="sportspress"><div class="card card--has-table"><header class="card__header"><h4 class="sp-table-caption">Asysty</h4></header></div></div>


<div class="sportspress"><div class="card card--has-table"><header class="card__header"><h4 class="sp-table-caption">Kartki</h4></header><div class="card__content sp-template sp-template-player-list"><div class="table-responsive sp-table-wrapper"><table class="table table--lg team-roster-table sp-player-list sp-data-table sp-sortable-table sp-responsive-table playerlist_69f3a03d7e5b1 sp-scrollable-table sp-paginated-table" data-sp-rows="40"><thead><tr><th class="data-rank">Rank</th><th class="data-name">Zawodnik</th><th class="data-yellowcards"><i class="sp-icon-card" title="Żółta kartka" style="color:#f4d014 !important"></i> </th><th class="data-redcards"><i class="sp-icon-card" title="Czerwona kartka" style="color:#d4000f !important"></i> </th></tr></thead><tbody><tr class="odd"><td class="data-rank" data-label="#">1</td><td class="data-name has-photo" data-label="Zawodnik"><a href="https://www.wiaralecha.pl/index.php/player/dominik-solecki/"><span class="player-photo"><img loading="lazy" decoding="async" width="40" height="40" src="https://www.wiaralecha.pl/wp-content/uploads/2025/10/Dominik_Solecki-40x40.png" class="attachment-alchemists_player-xxs size-alchemists_player-xxs wp-post-image" alt="" /></span><span class="player-name">Dominik Solecki</span></a></td><td class="data-yellowcards" data-label="Żółta kartka">0</td><td class="data-redcards" data-label="Czerwona kartka">0</td></tr></tbody></table></div></div></div></div>


<div class="sportspress"><div class="card card--has-table"><header class="card__header"><h4 class="sp-table-caption">Mecze</h4></header><div class="card__content sp-template sp-template-player-list"><div class="table-responsive sp-table-wrapper"><table class="table table--lg team-roster-table sp-player-list sp-data-table sp-sortable-table sp-responsive-table playerlist_69f3a03d81c37 sp-scrollable-table sp-paginated-table" data-sp-rows="40"><thead><tr><th class="data-rank">Rank</th><th class="data-name">Zawodnik</th><th class="data-appearances">Mecze</th></tr></thead><tbody><tr class="odd"><td class="data-rank" data-label="#">1</td><td class="data-name has-photo" data-label="Zawodnik"><a href="https://www.wiaralecha.pl/index.php/player/dominik-solecki/"><span class="player-photo"><img loading="lazy" decoding="async" width="40" height="40" src="https://www.wiaralecha.pl/wp-content/uploads/2025/10/Dominik_Solecki-40x40.png" class="attachment-alchemists_player-xxs size-alchemists_player-xxs wp-post-image" alt="" /></span><span class="player-name">Dominik Solecki</span></a></td><td class="data-appearances" data-label="Mecze">1</td></tr></tbody></table></div></div></div></div>
