{"id":3096,"date":"2021-02-19T12:31:03","date_gmt":"2021-02-19T11:31:03","guid":{"rendered":"https:\/\/www.wiaralecha.pl\/?page_id=3096"},"modified":"2026-04-22T09:20:44","modified_gmt":"2026-04-22T07:20:44","slug":"kontakt","status":"publish","type":"page","link":"https:\/\/www.wiaralecha.pl\/index.php\/kontakt\/","title":{"rendered":"Kontakt"},"content":{"rendered":"\n<h4 class=\"wp-block-heading\" id=\"adres-biura\"><strong>Stowarzyszenie Wiara Lecha<br>Ulica Bu\u0142garska 17<br>60-320 Pozna\u0144<br>NIP: 782 230 72 25<\/strong><\/h4>\n\n\n\n<h4 class=\"wp-block-heading\" id=\"adres-biura\"><strong>Adres biura<\/strong><\/h4>\n\n\n\n<p><strong>Kibice Razem-Lech Pozna\u0144<\/strong><br>Ulica Gda\u0144ska 1<br>61-123 Pozna\u0144<\/p>\n\n\n\n<h4 class=\"wp-block-heading\" id=\"kontakt\"><strong>Kontakt<\/strong><\/h4>\n\n\n\n<p>Sekcja pi\u0142karska: <strong>klub@wiaralecha.pl <\/strong>| <em>mail zwi\u0105zkowy: <strong>wiaralecha.poznan@wielkopolskizpn.pl <\/strong><\/em><br>Sekcja koszyk\u00f3wki: <strong>kosz<\/strong>@<strong>wiaralecha.pl<\/strong><br>Sekcja futsalu: <strong>futsal@wiaralecha.pl<\/strong> <br>Akademia: <strong>akademia@wiaralecha.pl<\/strong><br>Biznes: <strong>biznes@wiaralecha.pl<\/strong><\/p>\n\n\n\n<h4 class=\"wp-block-heading\" id=\"zarzad\"><strong>Zarz\u0105d<\/strong><\/h4>\n\n\n\n<p><strong>Pawe\u0142 Piestrzy\u0144ski<\/strong> &#8211; Prezes Zarz\u0105du<br><strong>Marcin Kawka<\/strong> &#8211; Wiceprezes Zarz\u0105du<br><strong>Karol Jaroni <\/strong>&#8211; Cz\u0142onek Zarz\u0105du<\/p>\n\n\n\n<h4 class=\"wp-block-heading\" id=\"zarzad\"><strong>Koordynatorzy<\/strong><\/h4>\n\n\n\n<p><strong>Karol Jaroni<\/strong> &#8211; sekcja pi\u0142ki no\u017cnej<br><strong>Bartosz J\u00f3\u017awiak<\/strong> &#8211; druga dru\u017cyna sekcji pi\u0142karskiej<br><strong>\u0141ukasz Gruszczy\u0144ski<\/strong> &#8211; sekcja koszyk\u00f3wki<br><strong>Jacek Szlandrowicz<\/strong> &#8211; sekcja futsalu<br><strong>Marcin Kawka<\/strong> &#8211; sekcja kolarska<br><strong>Micha\u0142 Siekierski<\/strong> &#8211; sekcja kolarska <br><strong>Agnieszka Piestrzy\u0144ska<\/strong> &#8211; akademia <\/p>\n\n\n\n<h4 class=\"wp-block-heading\"><strong>Inspektor ochrony danych<\/strong><\/h4>\n\n\n\n<p><strong>Krzysztof Winiarski<\/strong> &#8211; iod@rodo.pl <br><\/p>\n\n\n\n<p><br><\/p>\n","protected":false},"excerpt":{"rendered":"<p>Stowarzyszenie Wiara LechaUlica Bu\u0142garska 1760-320 Pozna\u0144NIP: 782 230 72 25 Adres biura Kibice Razem-Lech Pozna\u0144Ulica Gda\u0144ska 161-123 Pozna\u0144 Kontakt Sekcja pi\u0142karska: klub@wiaralecha.pl | mail zwi\u0105zkowy: wiaralecha.poznan@wielkopolskizpn.pl Sekcja koszyk\u00f3wki: kosz@wiaralecha.plSekcja futsalu: futsal@wiaralecha.pl Akademia: akademia@wiaralecha.plBiznes: biznes@wiaralecha.pl Zarz\u0105d Pawe\u0142 Piestrzy\u0144ski &#8211; Prezes Zarz\u0105duMarcin Kawka &#8211; Wiceprezes Zarz\u0105duKarol Jaroni &#8211; Cz\u0142onek Zarz\u0105du Koordynatorzy Karol Jaroni &#8211; sekcja pi\u0142ki no\u017cnejBartosz&#8230;<\/p>\n","protected":false},"author":2,"featured_media":0,"parent":0,"menu_order":0,"comment_status":"closed","ping_status":"closed","template":"","meta":{"_acf_changed":false,"footnotes":""},"class_list":["post-3096","page","type-page","status-publish","hentry"],"acf":[],"jetpack_sharing_enabled":true,"_links":{"self":[{"href":"https:\/\/www.wiaralecha.pl\/index.php\/wp-json\/wp\/v2\/pages\/3096","targetHints":{"allow":["GET"]}}],"collection":[{"href":"https:\/\/www.wiaralecha.pl\/index.php\/wp-json\/wp\/v2\/pages"}],"about":[{"href":"https:\/\/www.wiaralecha.pl\/index.php\/wp-json\/wp\/v2\/types\/page"}],"author":[{"embeddable":true,"href":"https:\/\/www.wiaralecha.pl\/index.php\/wp-json\/wp\/v2\/users\/2"}],"replies":[{"embeddable":true,"href":"https:\/\/www.wiaralecha.pl\/index.php\/wp-json\/wp\/v2\/comments?post=3096"}],"version-history":[{"count":25,"href":"https:\/\/www.wiaralecha.pl\/index.php\/wp-json\/wp\/v2\/pages\/3096\/revisions"}],"predecessor-version":[{"id":18090,"href":"https:\/\/www.wiaralecha.pl\/index.php\/wp-json\/wp\/v2\/pages\/3096\/revisions\/18090"}],"wp:attachment":[{"href":"https:\/\/www.wiaralecha.pl\/index.php\/wp-json\/wp\/v2\/media?parent=3096"}],"curies":[{"name":"wp","href":"https:\/\/api.w.org\/{rel}","templated":true}]}}

<h4 class="wp-block-heading" id="adres-biura"><strong>Stowarzyszenie Wiara Lecha<br>Ulica Bułgarska 17<br>60-320 Poznań<br>NIP: 782 230 72 25</strong></h4>



<h4 class="wp-block-heading" id="adres-biura"><strong>Adres biura</strong></h4>



<p><strong>Kibice Razem-Lech Poznań</strong><br>Ulica Gdańska 1<br>61-123 Poznań</p>



<h4 class="wp-block-heading" id="kontakt"><strong>Kontakt</strong></h4>



<p>Sekcja piłkarska: <strong>klub@wiaralecha.pl </strong>| <em>mail związkowy: <strong>wiaralecha.poznan@wielkopolskizpn.pl </strong></em><br>Sekcja koszykówki: <strong>kosz</strong>@<strong>wiaralecha.pl</strong><br>Sekcja futsalu: <strong>futsal@wiaralecha.pl</strong> <br>Akademia: <strong>akademia@wiaralecha.pl</strong><br>Biznes: <strong>biznes@wiaralecha.pl</strong></p>



<h4 class="wp-block-heading" id="zarzad"><strong>Zarząd</strong></h4>



<p><strong>Paweł Piestrzyński</strong> &#8211; Prezes Zarządu<br><strong>Marcin Kawka</strong> &#8211; Wiceprezes Zarządu<br><strong>Karol Jaroni </strong>&#8211; Członek Zarządu</p>



<h4 class="wp-block-heading" id="zarzad"><strong>Koordynatorzy</strong></h4>



<p><strong>Karol Jaroni</strong> &#8211; sekcja piłki nożnej<br><strong>Bartosz Jóźwiak</strong> &#8211; druga drużyna sekcji piłkarskiej<br><strong>Łukasz Gruszczyński</strong> &#8211; sekcja koszykówki<br><strong>Jacek Szlandrowicz</strong> &#8211; sekcja futsalu<br><strong>Marcin Kawka</strong> &#8211; sekcja kolarska<br><strong>Michał Siekierski</strong> &#8211; sekcja kolarska <br><strong>Agnieszka Piestrzyńska</strong> &#8211; akademia </p>



<h4 class="wp-block-heading"><strong>Inspektor ochrony danych</strong></h4>



<p><strong>Krzysztof Winiarski</strong> &#8211; iod@rodo.pl <br></p>



<p><br></p>

<p>Stowarzyszenie Wiara LechaUlica Bułgarska 1760-320 PoznańNIP: 782 230 72 25 Adres biura Kibice Razem-Lech PoznańUlica Gdańska 161-123 Poznań Kontakt Sekcja piłkarska: klub@wiaralecha.pl | mail związkowy: wiaralecha.poznan@wielkopolskizpn.pl Sekcja koszykówki: kosz@wiaralecha.plSekcja futsalu: futsal@wiaralecha.pl Akademia: akademia@wiaralecha.plBiznes: biznes@wiaralecha.pl Zarząd Paweł Piestrzyński &#8211; Prezes ZarząduMarcin Kawka &#8211; Wiceprezes ZarząduKarol Jaroni &#8211; Członek Zarządu Koordynatorzy Karol Jaroni &#8211; sekcja piłki nożnejBartosz&#8230;</p>
